the remainder when 359 is divided by i(-2)?
107
Suppose -766*b + 767*b = 22. What is the remainder when 115 is divided by b?
5
Suppose 4*c = 4*o - c - 117, -4*o = 5*c - 147. What is the remainder when 87 is divided by o?
21
Let m(f) = -f**3 + 6*f**2 + 9*f + 5. Let l = 483 - 391. What is the remainder when l is divided by m(7)?
16
Let r be -3 + 2 + 1 + 3. Suppose r*i = 7*i + 188. Let y = i + 86. What is the remainder when y is divided by 10?
9
Suppose -4*z - 16 = 0, 3*p + 3*z + 2 = p. Calculate the remainder when p is divided by (-2 - -1)*6*18/(-54).
1
Suppose -2*s = -265 + 13. Let p = s - 91. What is the remainder when 137 is divided by p?
32
Let s = -30 + 34. Suppose 5*h - 103 = 3*j, 6*j = -s*h + 3*j + 104. Calculate the remainder when 43 is divided by h.
20
Let c = 232 - 225. What is the remainder when 12 is divided by c?
5
Let h = 261 + -226. What is the remainder when h is divided by 15?
5
Suppose -74*t = 59*t - 6916. Suppose 4*f = 5*y - 2*y - 37, -3*f = -2*y + 25. What is the remainder when t is divided by y?
8
Let h(y) = -y**2 + 12*y + 16. Let z(p) = -p**3 - 7*p**2 - p + 6. Let q be z(-7). Calculate the remainder when h(q) is divided by 3.
0
Suppose 5*b + c = 291, -85*b + 292 = -80*b + 2*c. What is the remainder when b is divided by 5?
3
Let y(s) = 9*s**2 + 27*s + 9. Let o(v) = -9*v - 4*v - v - 4 - 5*v**2. Let d(b) = 11*o(b) + 6*y(b). Calculate the remainder when 47 is divided by d(5).
22
Suppose 5*z + 25 = -2*d + 136, -3*z = 5*d - 78. What is the remainder when 34 is divided by z?
13
Let x(g) = -g**2 + 53. What is the remainder when 120 is divided by x(0)?
14
Let g be 4 + (-78)/(1 - -2). Let a = g - -39. Suppose 2*o = o + 4*n + 15, -o - 2*n = -39. Calculate the remainder when o is divided by a.
14
Let s = 121 - 104. Calculate the remainder when s is divided by (-3 + 2)/(4/(-36)).
8
Let t = 251 + -66. What is the remainder when t is divided by 12/(-66) - (-2097)/99?
17
Suppose 35 = k + 4*k. Suppose 0 = t - 0*t - k. Calculate the remainder when (-2)/(-2 + 33/18) is divided by t.
5
Let f(t) = t**3 - t**2 + 3*t + 3. Suppose c = -3*p - 3, c - 8 = -c + p. Calculate the remainder when (-37052)/942*(-6)/4 is divided by f(c).
29
Let j be 0/(2/1 - 4). Suppose 0 = 2*l + 4*f - 24, -4*f + 39 = 3*l + f. Let i = l + j. Calculate the remainder when 51 is divided by i.
15
Suppose -w + 2*r + 35 = 0, -194 = -3*w + 5*r - 91. What is the remainder when 1269 is divided by w?
29
Suppose 3*s - 7*y = -9*y + 278, -s + 91 = y. What is the remainder when s is divided by 26?
18
Suppose 66*d = 1091 + 493. Calculate the remainder when 62 is divided by d.
14
Let s(n) = -n - 5. Let q(l) = l + 4. Let u(t) = -5*q(t) - 6*s(t). Calculate the remainder when 55 is divided by u(4).
13
Let x(f) = -f**3 + 11*f**2 - 8*f - 43. What is the remainder when x(9) is divided by 28?
19
Suppose -103 - 492 = -17*x. Let f(m) = 7*m - 1. Calculate the remainder when x is divided by f(1).
5
Let y(o) = -o**3 + 8*o**2 - 2*o - 8. What is the remainder when y(7) is divided by 7?
6
Let i(q) = 27*q**3 - 2*q + 2. Let a be i(1). What is the remainder when 468/a - 4/(-6) is divided by 1*(2 + -3 + 8)?
4
Suppose -265 + 155 = -10*w. What is the remainder when 21 is divided by w?
10
Suppose 4*j + 222 = 5*n, 4 + 6 = 5*n. Let d = 104 + j. Calculate the remainder when d is divided by 21.
9
Suppose 0 = -u - 23*f + 22*f + 4, -u = -5*f - 22. What is the remainder when 90 is divided by u?
6
Suppose 8*n + 8 = z + 9*n, 0 = 5*n. Calculate the remainder when 460 is divided by z.
4
Let b(r) = r**3 - 13*r**2 + r + 32. Let n be b(13). Suppose x = -4*u + 45, 0*u - n = -x + 2*u. What is the remainder when x is divided by 23?
22
Suppose 47 = 5*n - 5*f - 53, 4*n - 2*f - 86 = 0. What is the remainder when 64 is divided by n?
18
Let y(s) = 15*s**3 - s**2 + s. Let z be 1/((-2)/(-72)) + -1. Let o = 63 - z. Calculate the remainder when o is divided by y(1).
13
Let m = 46 - 29. Suppose -3*v = 2*v - 20. Suppose 15 = c - v*d, c - 4*d = d + m. What is the remainder when c is divided by 5?
2
Let w be (-2)/((-3)/((-162)/(-4))). Suppose 2*v - 5*h - 63 = 0, 4*h - 50 + 127 = 3*v. Let t = w - v. Calculate the remainder when 30 is divided by t.
6
Let t(l) = -4*l + 17. Suppose 3*c - c = 50. Suppose -27 = 4*z + c. Calculate the remainder when t(z) is divided by 24.
21
Let c = 418 - 362. Calculate the remainder when c is divided by 12.
8
Suppose 3*x - 3*q = 147, x + x - 88 = 4*q. Let p = -17 + x. Suppose -114 = 68*m - 1406. Calculate the remainder when p is divided by m.
18
Let r(g) = 39*g + 133. Calculate the remainder when 161 is divided by r(-2).
51
Suppose 0 = -5*d + 2*b - 30 + 2, -14 = 2*d + 2*b. Calculate the remainder when ((-2)/d)/(5/705) is divided by (-48)/(-15)*120/32.
11
Suppose -2*h + 8 = -0*h. Suppose 0 = h*o - 86 - 30. Let d(l) = 3*l**2 - 5*l + 3. What is the remainder when o is divided by d(3)?
14
Suppose 1 = -3*d + 16. Suppose 4*t + 3 + 1 = 0, 7 = h - d*t. Suppose 5*l = -3*z + l + 25, h*z + 5*l - 26 = 0. Calculate the remainder when z is divided by 3.
0
Suppose -4*c = 4*l - 5 - 59, 22 = c + 4*l. Let w(v) = v**2 - 10*v. Let z be w(10). Suppose z*n = 3*n - 15. Calculate the remainder when c is divided by n.
4
Suppose 3*m + 41 = -1. What is the remainder when -2*((-28)/8 + 1) is divided by (-3)/(-12) + m/(-8)?
1
Let c = -91 + 163. Suppose 2*v + 4*h = c, -5*h - 141 = -3*v - 0*v. What is the remainder when v is divided by 11?
9
Let g(c) = -51*c + 479. What is the remainder when 37 is divided by g(9)?
17
Suppose -134 = -6*t + 1132. What is the remainder when t is divided by 53?
52
Let b be 4 - ((2 - -4)/(-2) - 1). Suppose 1422 - b = 7*q. Calculate the remainder when q is divided by 52.
46
Let z(x) = -x**3 - x**2 - 2*x + 23. Let h be z(0). Suppose l + 3 = 3*l - m, -3*m = 2*l - h. What is the remainder when 5 is divided by l?
1
Suppose -129 + 77 = -y. What is the remainder when 102 is divided by y?
50
Let g(n) = 8 + 13*n - 4*n**2 - 10*n**2 + 3*n**2 - n**3 + 0*n**3. Let z be g(-12). What is the remainder when z + (53 - 4/(-2)) is divided by 18?
15
Suppose -9*r - 13*r = -704. What is the remainder when r is divided by 7?
4
Suppose 3*j - 34 = 5*w, -2*w = j - 4*j + 46. Let i = 19 - 14. Suppose -i*a = -a - 280. Calculate the remainder when a is divided by j.
16
Suppose -g + 57 = 4*p, -201 - 107 = -5*g + 3*p. Suppose -2*x + 84 = n, n + 3*x - 22 = g. Let h = -1364 + 1386. Calculate the remainder when n is divided by h.
20
Suppose -6*s + 16 + 14 = 0. Suppose -8*t + 2*u = -4*t - 86, 79 = 4*t + s*u. Calculate the remainder when t is divided by 12.
9
Suppose 17*f - 244 = 13*f. Suppose -3*q = -0*q - 5*l - 43, f = 4*q - 3*l. Calculate the remainder when 31 is divided by q.
15
Let a(j) be the first derivative of -j**4/2 - 4*j**3/3 + j**2/2 + 4*j + 33. What is the remainder when 31 is divided by a(-3)?
12
Suppose 7*a = 9*a - 170. Let y = a - 39. Calculate the remainder when y is divided by 6.
4
Let h be -3 + (-14)/(-6)*3. Suppose -1 = 2*d + y - 11, -h*d + 32 = 5*y. Calculate the remainder when 2 - (-204)/(d - -1) is divided by 14.
11
Let x(h) = -h**3 - 6*h**2 + 7*h + 3. Let r be x(-7). Suppose a + r*t = t + 43, 3*t = -2*a + 84. Calculate the remainder when a is divided by 7.
4
Let c(f) = 2*f**3 - 51*f**2 - 26*f + 19. Let t be (312/(-30))/(-3 + 39/15). Let h = -47 - -84. Calculate the remainder when h is divided by c(t).
18
Suppose -5*f = u + 278, -2*f - 541 = 2*u + 3*f. Let l = 374 + u. Suppose -l = -3*t - 12. What is the remainder when t is divided by 9?
6
Let d(m) = m**2 + 10*m + 11. Let u = -28 - -19. Let b be d(u). What is the remainder when (116 - (-3 + 4)) + b is divided by 30?
27
What is the remainder when 108 is divided by 33 - ((-2)/(-5) + (-243)/45)?
32
Let u = 2248 + -1964. What is the remainder when u is divided by 137?
10
Let q(l) = -8*l - 2. Let s(a) = a**2 - 6. What is the remainder when s(9) is divided by q(-5)?
37
Suppose -5*d + 49 + 26 = 0. Suppose -3*r - 20 = 2*r. Let v = d - r. Calculate the remainder when 54 is divided by v.
16
Suppose 8*c - 429 = -5*c. Calculate the remainder when 195 is divided by c.
30
Let y(h) be the third derivative of -11*h**4/24 - h**3/2 - 5*h**2. Calculate the remainder when y(-10) is divided by 27.
26
Let l be 2*205/(-10) + 1. Let v = 51 + l. Calculate the remainder when 51 is divided by v.
7
Let